{"id":14,"date":"2015-03-08T16:46:54","date_gmt":"2015-03-08T16:46:54","guid":{"rendered":"http:\/\/magyaregres.freevar.com\/oldal\/?page_id=14"},"modified":"2021-11-27T18:00:23","modified_gmt":"2021-11-27T18:00:23","slug":"hireink","status":"publish","type":"page","link":"https:\/\/magyaregres.eu\/","title":{"rendered":"H\u00edreink"},"content":{"rendered":"<div class=\"pt-cv-wrapper\"><div class=\"pt-cv-view pt-cv-grid pt-cv-colsys\" id=\"pt-cv-view-8a9aa80fdj\"><div data-id=\"pt-cv-page-1\" class=\"pt-cv-page\" data-cvc=\"2\"><div class=\"col-md-6 col-sm-6 col-xs-12 pt-cv-content-item pt-cv-1-col\" ><div class='pt-cv-ifield'><a href=\"https:\/\/magyaregres.eu\/index.php\/2025\/12\/18\/magyaregres-106-7-hrsz-ingatlan-ertekesites\/\" class=\"_self pt-cv-href-thumbnail pt-cv-thumb-default\" target=\"_self\" ><\/a>\n<h4 class=\"pt-cv-title\"><a href=\"https:\/\/magyaregres.eu\/index.php\/2025\/12\/18\/magyaregres-106-7-hrsz-ingatlan-ertekesites\/\" class=\"_self\" target=\"_self\" >Magyaregres 106-7 hrsz ingatlan \u00e9rt\u00e9kes\u00edt\u00e9s<\/a><\/h4>\n<div class=\"pt-cv-content\">Let\u00f6lt\u00e9s: P\u00e1ly\u00e1zati dokument\u00e1ci\u00f3 - Magyaregres 106-7 hrsz ingatlan \u00e9rt\u00e9kes\u00edt\u00e9s ...<br \/><div class=\"pt-cv-rmwrap\"><a href=\"https:\/\/magyaregres.eu\/index.php\/2025\/12\/18\/magyaregres-106-7-hrsz-ingatlan-ertekesites\/\" class=\"_self pt-cv-readmore btn btn-success\" target=\"_self\">B\u0151vebben\u2026<\/a><\/div><\/div><\/div><\/div>\n<div class=\"col-md-6 col-sm-6 col-xs-12 pt-cv-content-item pt-cv-1-col\" ><div class='pt-cv-ifield'><a href=\"https:\/\/magyaregres.eu\/index.php\/2025\/05\/28\/tajekoztato-3\/\" class=\"_self pt-cv-href-thumbnail pt-cv-thumb-default\" target=\"_self\" ><\/a>\n<h4 class=\"pt-cv-title\"><a href=\"https:\/\/magyaregres.eu\/index.php\/2025\/05\/28\/tajekoztato-3\/\" class=\"_self\" target=\"_self\" >T\u00e1j\u00e9koztat\u00f3<\/a><\/h4>\n<div class=\"pt-cv-content\"> ...<br \/><div class=\"pt-cv-rmwrap\"><a href=\"https:\/\/magyaregres.eu\/index.php\/2025\/05\/28\/tajekoztato-3\/\" class=\"_self pt-cv-readmore btn btn-success\" target=\"_self\">B\u0151vebben\u2026<\/a><\/div><\/div><\/div><\/div>\n<div class=\"col-md-6 col-sm-6 col-xs-12 pt-cv-content-item pt-cv-1-col\" ><div class='pt-cv-ifield'><a href=\"https:\/\/magyaregres.eu\/index.php\/2025\/05\/20\/falunapi-meghivo-4\/\" class=\"_self pt-cv-href-thumbnail pt-cv-thumb-default\" target=\"_self\" ><\/a>\n<h4 class=\"pt-cv-title\"><a href=\"https:\/\/magyaregres.eu\/index.php\/2025\/05\/20\/falunapi-meghivo-4\/\" class=\"_self\" target=\"_self\" >Falunapi megh\u00edv\u00f3<\/a><\/h4>\n<div class=\"pt-cv-content\"> ...<br \/><div class=\"pt-cv-rmwrap\"><a href=\"https:\/\/magyaregres.eu\/index.php\/2025\/05\/20\/falunapi-meghivo-4\/\" class=\"_self pt-cv-readmore btn btn-success\" target=\"_self\">B\u0151vebben\u2026<\/a><\/div><\/div><\/div><\/div>\n<div class=\"col-md-6 col-sm-6 col-xs-12 pt-cv-content-item pt-cv-1-col\" ><div class='pt-cv-ifield'><a href=\"https:\/\/magyaregres.eu\/index.php\/2025\/05\/13\/emloszures-2\/\" class=\"_self pt-cv-href-thumbnail pt-cv-thumb-default\" target=\"_self\" ><\/a>\n<h4 class=\"pt-cv-title\"><a href=\"https:\/\/magyaregres.eu\/index.php\/2025\/05\/13\/emloszures-2\/\" class=\"_self\" target=\"_self\" >Eml\u0151sz\u0171r\u00e9s<\/a><\/h4>\n<div class=\"pt-cv-content\"> ...<br \/><div class=\"pt-cv-rmwrap\"><a href=\"https:\/\/magyaregres.eu\/index.php\/2025\/05\/13\/emloszures-2\/\" class=\"_self pt-cv-readmore btn btn-success\" target=\"_self\">B\u0151vebben\u2026<\/a><\/div><\/div><\/div><\/div>\n<div class=\"col-md-6 col-sm-6 col-xs-12 pt-cv-content-item pt-cv-1-col\" ><div class='pt-cv-ifield'><a href=\"https:\/\/magyaregres.eu\/index.php\/2025\/03\/14\/iskolai-beiratkozas-2\/\" class=\"_self pt-cv-href-thumbnail pt-cv-thumb-default\" target=\"_self\" ><\/a>\n<h4 class=\"pt-cv-title\"><a href=\"https:\/\/magyaregres.eu\/index.php\/2025\/03\/14\/iskolai-beiratkozas-2\/\" class=\"_self\" target=\"_self\" >Iskolai beiratkoz\u00e1s<\/a><\/h4>\n<div class=\"pt-cv-content\"> ...<br \/><div class=\"pt-cv-rmwrap\"><a href=\"https:\/\/magyaregres.eu\/index.php\/2025\/03\/14\/iskolai-beiratkozas-2\/\" class=\"_self pt-cv-readmore btn btn-success\" target=\"_self\">B\u0151vebben\u2026<\/a><\/div><\/div><\/div><\/div>\n<div class=\"col-md-6 col-sm-6 col-xs-12 pt-cv-content-item pt-cv-1-col\" ><div class='pt-cv-ifield'><a href=\"https:\/\/magyaregres.eu\/index.php\/2025\/02\/21\/allashirdetes-3\/\" class=\"_self pt-cv-href-thumbnail pt-cv-thumb-default\" target=\"_self\" ><\/a>\n<h4 class=\"pt-cv-title\"><a href=\"https:\/\/magyaregres.eu\/index.php\/2025\/02\/21\/allashirdetes-3\/\" class=\"_self\" target=\"_self\" >\u00c1ll\u00e1shirdet\u00e9s<\/a><\/h4>\n<div class=\"pt-cv-content\"> ...<br \/><div class=\"pt-cv-rmwrap\"><a href=\"https:\/\/magyaregres.eu\/index.php\/2025\/02\/21\/allashirdetes-3\/\" class=\"_self pt-cv-readmore btn btn-success\" target=\"_self\">B\u0151vebben\u2026<\/a><\/div><\/div><\/div><\/div>\n<div class=\"col-md-6 col-sm-6 col-xs-12 pt-cv-content-item pt-cv-1-col\" ><div class='pt-cv-ifield'><a href=\"https:\/\/magyaregres.eu\/index.php\/2025\/01\/30\/hirdetmeny-7\/\" class=\"_self pt-cv-href-thumbnail pt-cv-thumb-default\" target=\"_self\" ><\/a>\n<h4 class=\"pt-cv-title\"><a href=\"https:\/\/magyaregres.eu\/index.php\/2025\/01\/30\/hirdetmeny-7\/\" class=\"_self\" target=\"_self\" >Hirdetm\u00e9ny<\/a><\/h4>\n<div class=\"pt-cv-content\">A Magyaregres K\u00f6zs\u00e9g \u00d6nkorm\u00e1nyzata a be\u00e9p\u00edtetlen telket megv\u00e9telre k\u00edn\u00e1lja a csatolt \u00e9rt\u00e9kbecsl\u00e9s alapj\u00e1n. \u00c9rdekl\u0151dni lehet a k\u00f6vetkez\u0151 telefonsz\u00e1mon: Bodor Zolt\u00e1n ...<br \/><div class=\"pt-cv-rmwrap\"><a href=\"https:\/\/magyaregres.eu\/index.php\/2025\/01\/30\/hirdetmeny-7\/\" class=\"_self pt-cv-readmore btn btn-success\" target=\"_self\">B\u0151vebben\u2026<\/a><\/div><\/div><\/div><\/div>\n<div class=\"col-md-6 col-sm-6 col-xs-12 pt-cv-content-item pt-cv-1-col\" ><div class='pt-cv-ifield'><a href=\"https:\/\/magyaregres.eu\/index.php\/2024\/11\/21\/bucsuztato\/\" class=\"_self pt-cv-href-thumbnail pt-cv-thumb-default\" target=\"_self\" ><\/a>\n<h4 class=\"pt-cv-title\"><a href=\"https:\/\/magyaregres.eu\/index.php\/2024\/11\/21\/bucsuztato\/\" class=\"_self\" target=\"_self\" >B\u00facs\u00faztat\u00f3<\/a><\/h4>\n<div class=\"pt-cv-content\">Tisztelt Magyaregres Lakosai! B\u00facs\u00fazunk! Magyaregres K\u00f6zs\u00e9gi \u00d6nkorm\u00e1nyzat K\u00e9pvisel\u0151-test\u00fclete nev\u00e9ben, ez\u00faton szeretn\u00e9k b\u00facs\u00fazni Szab\u00f3 M\u00f3nika K\u00e9pvisel\u0151 t\u00e1rsunkt\u00f3l, aki november 3-\u00e1n elhagyott ...<br \/><div class=\"pt-cv-rmwrap\"><a href=\"https:\/\/magyaregres.eu\/index.php\/2024\/11\/21\/bucsuztato\/\" class=\"_self pt-cv-readmore btn btn-success\" target=\"_self\">B\u0151vebben\u2026<\/a><\/div><\/div><\/div><\/div>\n<div class=\"col-md-6 col-sm-6 col-xs-12 pt-cv-content-item pt-cv-1-col\" ><div class='pt-cv-ifield'><a href=\"https:\/\/magyaregres.eu\/index.php\/2024\/10\/03\/felhivas-szocialis-tuzifa-igenylesere\/\" class=\"_self pt-cv-href-thumbnail pt-cv-thumb-default\" target=\"_self\" ><\/a>\n<h4 class=\"pt-cv-title\"><a href=\"https:\/\/magyaregres.eu\/index.php\/2024\/10\/03\/felhivas-szocialis-tuzifa-igenylesere\/\" class=\"_self\" target=\"_self\" >Felh\u00edv\u00e1s szoci\u00e1lis t\u0171zifa ig\u00e9nyl\u00e9s\u00e9re<\/a><\/h4>\n<div class=\"pt-cv-content\">Let\u00f6lt\u00e9s: Szoci\u00e1lis t\u0171zifa k\u00e9relem 2024 - Magyaregres: ...<br \/><div class=\"pt-cv-rmwrap\"><a href=\"https:\/\/magyaregres.eu\/index.php\/2024\/10\/03\/felhivas-szocialis-tuzifa-igenylesere\/\" class=\"_self pt-cv-readmore btn btn-success\" target=\"_self\">B\u0151vebben\u2026<\/a><\/div><\/div><\/div><\/div>\n<div class=\"col-md-6 col-sm-6 col-xs-12 pt-cv-content-item pt-cv-1-col\" ><div class='pt-cv-ifield'><a href=\"https:\/\/magyaregres.eu\/index.php\/2024\/09\/27\/meghivo\/\" class=\"_self pt-cv-href-thumbnail pt-cv-thumb-default\" target=\"_self\" ><\/a>\n<h4 class=\"pt-cv-title\"><a href=\"https:\/\/magyaregres.eu\/index.php\/2024\/09\/27\/meghivo\/\" class=\"_self\" target=\"_self\" >Megh\u00edv\u00f3<\/a><\/h4>\n<div class=\"pt-cv-content\"> ...<br \/><div class=\"pt-cv-rmwrap\"><a href=\"https:\/\/magyaregres.eu\/index.php\/2024\/09\/27\/meghivo\/\" class=\"_self pt-cv-readmore btn btn-success\" target=\"_self\">B\u0151vebben\u2026<\/a><\/div><\/div><\/div><\/div><\/div><\/div><\/div>\n","protected":false},"excerpt":{"rendered":"<div class=\"link-more\"><a href=\"https:\/\/magyaregres.eu\/\" class=\"more-link\">Continue reading<span class=\"screen-reader-text\"> &ldquo;H\u00edreink&rdquo;<\/span>&hellip;<\/a><\/div>\n","protected":false},"author":1,"featured_media":0,"parent":0,"menu_order":2,"comment_status":"closed","ping_status":"closed","template":"","meta":{"ngg_post_thumbnail":0,"footnotes":""},"class_list":["post-14","page","type-page","status-publish","hentry","entry"],"_links":{"self":[{"href":"https:\/\/magyaregres.eu\/index.php\/wp-json\/wp\/v2\/pages\/14","targetHints":{"allow":["GET"]}}],"collection":[{"href":"https:\/\/magyaregres.eu\/index.php\/wp-json\/wp\/v2\/pages"}],"about":[{"href":"https:\/\/magyaregres.eu\/index.php\/wp-json\/wp\/v2\/types\/page"}],"author":[{"embeddable":true,"href":"https:\/\/magyaregres.eu\/index.php\/wp-json\/wp\/v2\/users\/1"}],"replies":[{"embeddable":true,"href":"https:\/\/magyaregres.eu\/index.php\/wp-json\/wp\/v2\/comments?post=14"}],"version-history":[{"count":7,"href":"https:\/\/magyaregres.eu\/index.php\/wp-json\/wp\/v2\/pages\/14\/revisions"}],"predecessor-version":[{"id":1609,"href":"https:\/\/magyaregres.eu\/index.php\/wp-json\/wp\/v2\/pages\/14\/revisions\/1609"}],"wp:attachment":[{"href":"https:\/\/magyaregres.eu\/index.php\/wp-json\/wp\/v2\/media?parent=14"}],"curies":[{"name":"wp","href":"https:\/\/api.w.org\/{rel}","templated":true}]}}