{"id":1423,"date":"2020-06-29T10:49:41","date_gmt":"2020-06-29T10:49:41","guid":{"rendered":"http:\/\/magyaregres.eu\/?page_id=1423"},"modified":"2020-06-29T11:00:58","modified_gmt":"2020-06-29T11:00:58","slug":"elektronikus-ugyintezes","status":"publish","type":"page","link":"https:\/\/magyaregres.eu\/index.php\/elektronikus-ugyintezes\/","title":{"rendered":"Elektronikus \u00fcgyint\u00e9z\u00e9s"},"content":{"rendered":"<h2 style=\"text-align: center;\">T\u00e1j\u00e9koztat\u00f3 az elektronikus \u00fcgyint\u00e9z\u00e9sr\u0151l, az elektronikus kapcsolattart\u00e1sr\u00f3l&nbsp;<\/h2>\n<p style=\"text-align: justify;\">T\u00e1j\u00e9koztatjuk tisztelt \u00fcgyfeleinket arr\u00f3l, hogy 2018. janu\u00e1r 1. napj\u00e1t\u00f3l megny\u00edlt a lehet\u0151s\u00e9g elektronikus \u00fcgyint\u00e9z\u00e9s keret\u00e9ben az ipar\u0171z\u00e9si ad\u00f3bevall\u00e1sok, bejelentkez\u00e9si \u00e9s v\u00e1ltoz\u00e1s bejelent\u00e9sek, ad\u00f3 kieg\u00e9sz\u00edt\u00e9s, valamint \u00e1ltal\u00e1nos ad\u00f3 \u00e9s k\u00f6zigazgat\u00e1si \u00fcgyek, anyak\u00f6nyvi, hagyat\u00e9ki, ipar-kereskedelem t\u00e1rgyk\u00f6rbe tartoz\u00f3, valamint p\u00e9nz\u00fcgy-gazd\u00e1lkod\u00e1si, szoci\u00e1lis, telep\u00fcl\u00e9s\u00fczemeltet\u00e9ssel kapcsolatos \u00fcgyek int\u00e9z\u00e9s\u00e9re. A szolg\u00e1ltat\u00e1sokat kiz\u00e1r\u00f3lag \u00dcgyf\u00e9lkapu regisztr\u00e1ci\u00f3val rendelkez\u0151 \u00fcgyfeleink vehetik ig\u00e9nybe!<\/p>\n<p style=\"text-align: justify;\">Az elektronikus \u00fcgyint\u00e9z\u00e9s \u00e9s a bizalmi szolg\u00e1ltat\u00e1sok \u00e1ltal\u00e1nos szab\u00e1lyair\u00f3l sz\u00f3l\u00f3 2015. \u00e9vi CCXXII. t\u00f6rv\u00e9ny (Tov\u00e1bbiakban E\u00fcsz tv.) 9. \u00a7 (1) aa) alpontja alapj\u00e1n a gazd\u00e1lkod\u00f3 szervezetek (A polg\u00e1ri perrendtart\u00e1sr\u00f3l sz\u00f3l\u00f3 2016. \u00e9vi CXXX. t\u00f6rv\u00e9ny 7. \u00a7 [\u00c9rtelmez\u0151 rendelkez\u00e9sek] (1) szerint az egy\u00e9ni v\u00e1llalkoz\u00f3k is!) \u00e9s a 9. \u00a7 (1) ac) alpontja alapj\u00e1n az \u00f6nkorm\u00e1nyzatok sz\u00e1m\u00e1ra 2018.01.01-t\u0151l k\u00f6telez\u0151 az elektronikus \u00fcgyint\u00e9z\u00e9s.<\/p>\n<p style=\"text-align: justify;\">Az E\u00fcsz tv. alapj\u00e1n elektronikus \u00fcgyint\u00e9z\u00e9sre k\u00f6telezettekt\u0151l 2018.01.01-et k\u00f6vet\u0151en pap\u00edr alapon nem \u00e1ll m\u00f3dunkban \u00fcgyind\u00edt\u00f3 dokumentumot befogadni.<\/p>\n<p style=\"text-align: justify;\"><span style=\"text-align: start;\">Juta K\u00f6z\u00f6s \u00d6nkorm\u00e1nyzati Hivatal KRID azonos\u00edt\u00f3ja: <strong>509151304<\/strong><br \/>\nJuta K\u00f6z\u00f6s \u00d6nkorm\u00e1nyzati Hivatal r\u00f6vid neve: <strong>SFGDD<\/strong><\/span><\/p>\n<p style=\"text-align: justify;\"><span style=\"text-align: start;\">Juta K\u00f6zs\u00e9g \u00d6nkorm\u00e1nyzata KRID azonos\u00edt\u00f3ja: <strong>555203118<\/strong><br \/>\nJuta K\u00f6zs\u00e9g \u00d6nkorm\u00e1nyzata r\u00f6vid neve: <strong>JUONK<\/strong><br \/>\n<\/span><\/p>\n<p style=\"text-align: justify;\"><span style=\"text-align: start;\">Kaposszerdahely K\u00f6zs\u00e9gi \u00d6nkorm\u00e1nyzat KRID azonos\u00edt\u00f3ja: <strong>203071186<\/strong><br \/>\nKaposszerdahely K\u00f6zs\u00e9gi \u00d6nkorm\u00e1nyzat r\u00f6vid neve: <strong>SFHUX<\/strong><\/span><\/p>\n<p style=\"text-align: justify;\"><span style=\"text-align: start;\">Magyaregres K\u00f6zs\u00e9gi \u00d6nkorm\u00e1nyzat KRID azonos\u00edt\u00f3ja: <strong>542364197<br \/>\n<\/strong>Magyaregres K\u00f6zs\u00e9gi \u00d6nkorm\u00e1nyzat r\u00f6vid neve: <strong>SMBSE<\/strong><\/span><\/p>\n<p><span style=\"text-align: start;\">Csomb\u00e1rd K\u00f6zs\u00e9gi \u00d6nkorm\u00e1nyzat KRID azonos\u00edt\u00f3ja: <strong>345028729<br \/>\n<\/strong>Csomb\u00e1rd K\u00f6zs\u00e9gi \u00d6nkorm\u00e1nyzat r\u00f6vid neve: <strong>CSKPMH<\/strong><\/span><\/p>\n<p><span style=\"text-align: start;\">V\u00e1rda K\u00f6zs\u00e9gi \u00d6nkorm\u00e1nyzat KRID azonos\u00edt\u00f3ja: <strong>140098136<br \/>\n<\/strong>V\u00e1rda K\u00f6zs\u00e9gi \u00d6nkorm\u00e1nyzat r\u00f6vid neve: <strong>VKPMH<\/strong><\/span><\/p>\n<p><span style=\"text-align: start;\">Juta K\u00f6zs\u00e9g \u00d6nkorm\u00e1nyzata KRID azonos\u00edt\u00f3ja: <strong>555203118<\/strong><br \/>\nJuta K\u00f6zs\u00e9g \u00d6nkorm\u00e1nyzata r\u00f6vid neve: <strong>JUONK<\/strong><\/span><\/p>\n<p style=\"text-align: justify;\">Az \u00d6nkorm\u00e1nyzat az elektronikus \u00fcgyint\u00e9z\u00e9s biztos\u00edt\u00e1si k\u00f6telezetts\u00e9g\u00e9nek a t\u00f6rv\u00e9nyi el\u0151\u00edr\u00e1sok alapj\u00e1n a k\u00f6zponti ASP rendszer \u00e1ltal t\u00e1mogatott \u00fcgyt\u00edpusok eset\u00e9ben az ASP rendszeren kereszt\u00fcl tesz eleget. Az ASP e-szolg\u00e1ltat\u00e1si fel\u00fclete az <strong>EL\u00dcGY<\/strong>, melyet az \u00fcgyfelek az al\u00e1bbi internetes oldalon \u00e9rhetnek el:&nbsp;<a href=\"https:\/\/ohp.asp.lgov.hu\/\" target=\"_blank\" rel=\"noopener noreferrer\">https:\/\/ohp.asp.lgov.hu<\/a><\/p>\n<p style=\"text-align: justify;\">Jelenleg az \u00f6nkorm\u00e1nyzat ad\u00f3, ipar-, \u00e9s kereskedelmi, hagyat\u00e9ki lelt\u00e1r, birtokv\u00e9delmi, anyak\u00f6nyvi \u00e9s szoci\u00e1lis \u00fcgyei t\u00e1mogatottak szakrendszeri fejleszt\u00e9sekkel az \u00f6nkorm\u00e1nyzati ASP rendszeren kereszt\u00fcl, de az \u00fan.&nbsp;<strong>e-Pap\u00edr&nbsp;<\/strong>szolg\u00e1ltat\u00e1s seg\u00edts\u00e9g\u00e9vel b\u00e1rmilyen ezen k\u00edv\u00fcli \u00fcgy elektronikusan ind\u00edthat\u00f3.<br \/>\nAz \u00fcgyind\u00edt\u00e1s bejelentkez\u00e9shez \u00e9s regisztr\u00e1ci\u00f3hoz k\u00f6t\u00f6tt szolg\u00e1ltat\u00e1s, ennek hi\u00e1ny\u00e1ban az \u0171rlap legfeljebb csak nyomtathat\u00f3 \u00e9s pap\u00edr alapon ny\u00fajthat\u00f3 be.<\/p>\n<p style=\"text-align: justify;\">Az e-Pap\u00edr szolg\u00e1ltat\u00e1s&nbsp;<a href=\"http:\/\/epapir.gov.hu\/\" target=\"_blank\" rel=\"noopener noreferrer\"><strong>ITT<\/strong><\/a> \u00e9rhet\u0151 el.<\/p>\n<p style=\"text-align: justify;\">K\u00e9rem, amennyiben m\u00f3djukban \u00e1ll \u00e9ljenek az elektronikus \u00fcgyint\u00e9z\u00e9si lehet\u0151s\u00e9gekkel!<\/p>\n<p style=\"text-align: justify;\"><a title=\"Elektronikus \u00fcgyint\u00e9z\u00e9s az \u00f6nkorm\u00e1nyzati hivatali port\u00e1lon \u00e1ltal\u00e1nos t\u00e1j\u00e9koztat\u00f3\" href=\"http:\/\/magyaregres.eu\/wp-content\/uploads\/2020\/06\/ASP-elektronikus_ugyintezes_az_onkormanyzati_hivatali_portalon_20190524.pdf\">Elektronikus \u00fcgyint\u00e9z\u00e9s az \u00f6nkorm\u00e1nyzati hivatali port\u00e1lon \u00e1ltal\u00e1nos t\u00e1j\u00e9koztat\u00f3<\/a><\/p>\n<p style=\"text-align: justify;\">Egy v\u00e1llalkoz\u00e1s \u00fczemeltet\u00e9se sosem egyszer\u0171 feladat, de a helyi ipar\u0171z\u00e9si ad\u00f3 bevall\u00e1s m\u00e1r nem jelent gondot. Int\u00e9zze hivatalos \u00fcgyeit elektronikusan!<\/p>\n<div style=\"position: relative; padding-top: 56.25%;\"><iframe style=\"position: absolute; top: 0; left: 0; width: 100%; height: 100%;\" src=\"https:\/\/www.youtube.com\/embed\/HUVBW-I4KpQ frameborder=\" allowfullscreen=\"allowfullscreen\"><\/iframe><\/div>\n<hr>\n<p style=\"text-align: justify;\">Egy \u00faj iroda berendez\u00e9se sosem egyszer\u0171 feladat, de az ad\u00f3egyenleg lek\u00e9rdez\u00e9se m\u00e1r nem jelent gondot. Int\u00e9zze hivatalos \u00fcgyeit elektronikusan!<\/p>\n<div style=\"position: relative; padding-top: 56.25%;\"><iframe style=\"position: absolute; top: 0; left: 0; width: 100%; height: 100%;\" src=\"https:\/\/www.youtube.com\/embed\/SVrS8mKM5As\" frameborder=\"0\" allowfullscreen=\"allowfullscreen\"><\/iframe><\/div>\n<hr>\n<p style=\"text-align: justify;\">Az \u00faj szok\u00e1sok kialak\u00edt\u00e1sa sosem egyszer\u0171 feladat, de a g\u00e9pj\u00e1rm\u0171ad\u00f3 mentess\u00e9g bejelent\u00e9se m\u00e1r nem jelent gondot. Int\u00e9zze \u00f6nkorm\u00e1nyzati \u00fcgyeit elektronikusan!<\/p>\n<div style=\"position: relative; padding-top: 56.25%;\"><iframe style=\"position: absolute; top: 0; left: 0; width: 100%; height: 100%;\" src=\"https:\/\/www.youtube.com\/embed\/CozRxAKvsNU\" frameborder=\"0\" allowfullscreen=\"allowfullscreen\"><\/iframe><\/div>\n<hr>\n<p style=\"text-align: justify;\">Egy sz\u00e1ll\u00e1shely beind\u00edt\u00e1sa sosem egyszer\u0171 feladat, de annak nyilv\u00e1ntart\u00e1sba v\u00e9tele m\u00e1r nem jelent gondot. Int\u00e9zze \u00f6nkorm\u00e1nyzati \u00fcgyeit elektronikusan!<\/p>\n<div style=\"position: relative; padding-top: 56.25%;\"><iframe style=\"position: absolute; top: 0; left: 0; width: 100%; height: 100%;\" src=\"https:\/\/www.youtube.com\/embed\/ZBJ-tAHXKXE\" frameborder=\"0\" allowfullscreen=\"allowfullscreen\"><\/iframe><\/div>\n<hr>\n<p style=\"text-align: justify;\">Egy esk\u00fcv\u0151 megszervez\u00e9se sosem egyszer\u0171 feladat, de a sz\u00fclet\u00e9si anyak\u00f6nyvi kivonat ki\u00e1ll\u00edt\u00e1sa m\u00e1r nem jelent gondot. Int\u00e9zze \u00f6nkorm\u00e1nyzati \u00fcgyeit elektronikusan!<\/p>\n<div style=\"position: relative; padding-top: 56.25%;\"><iframe style=\"position: absolute; top: 0; left: 0; width: 100%; height: 100%;\" src=\"https:\/\/www.youtube.com\/embed\/txf1V52_ilY\" frameborder=\"0\" allowfullscreen=\"allowfullscreen\"><\/iframe><\/div>\n<hr>\n<p style=\"text-align: justify;\">Egy v\u00e1llalkoz\u00e1s b\u0151v\u00edt\u00e9se sosem egyszer\u0171 feladat, de a behajt\u00e1si enged\u00e9lyek k\u00e9r\u00e9se m\u00e1r nem jelent gondot. Int\u00e9zze \u00f6nkorm\u00e1nyzati \u00fcgyeit elektronikusan!<\/p>\n<div style=\"position: relative; padding-top: 56.25%;\"><iframe style=\"position: absolute; top: 0; left: 0; width: 100%; height: 100%;\" src=\"https:\/\/www.youtube.com\/embed\/VD1WFLI__WU\" frameborder=\"0\" allowfullscreen=\"allowfullscreen\"><\/iframe><\/div>\n<hr>\n<p style=\"text-align: justify;\">A tov\u00e1bbtanul\u00e1s finansz\u00edroz\u00e1sa sosem egyszer\u0171 feladat, de a szoci\u00e1lis t\u00e1mogat\u00e1si k\u00e9relem beny\u00fajt\u00e1sa nem jelent gondot. Int\u00e9zze \u00f6nkorm\u00e1nyzati \u00fcgyeit elektronikusan!<\/p>\n<div style=\"position: relative; padding-top: 56.25%;\"><iframe style=\"position: absolute; top: 0; left: 0; width: 100%; height: 100%;\" src=\"https:\/\/www.youtube.com\/embed\/p0ge6K_Mjsg\" frameborder=\"0\" allowfullscreen=\"allowfullscreen\"><\/iframe><\/div>\n<hr>\n","protected":false},"excerpt":{"rendered":"<div class=\"entry-summary\">\nT\u00e1j\u00e9koztat\u00f3 az elektronikus \u00fcgyint\u00e9z\u00e9sr\u0151l, az elektronikus kapcsolattart\u00e1sr\u00f3l&nbsp; T\u00e1j\u00e9koztatjuk tisztelt \u00fcgyfeleinket arr\u00f3l, hogy 2018. janu\u00e1r 1. napj\u00e1t\u00f3l megny\u00edlt a lehet\u0151s\u00e9g elektronikus \u00fcgyint\u00e9z\u00e9s keret\u00e9ben az ipar\u0171z\u00e9si ad\u00f3bevall\u00e1sok, bejelentkez\u00e9si \u00e9s v\u00e1ltoz\u00e1s bejelent\u00e9sek, ad\u00f3 kieg\u00e9sz\u00edt\u00e9s, valamint \u00e1ltal\u00e1nos ad\u00f3 \u00e9s k\u00f6zigazgat\u00e1si \u00fcgyek, anyak\u00f6nyvi, hagyat\u00e9ki, ipar-kereskedelem&hellip;\n<\/div>\n<div class=\"link-more\"><a href=\"https:\/\/magyaregres.eu\/index.php\/elektronikus-ugyintezes\/\" class=\"more-link\">Continue reading<span class=\"screen-reader-text\"> &ldquo;Elektronikus \u00fcgyint\u00e9z\u00e9s&rdquo;<\/span>&hellip;<\/a><\/div>\n","protected":false},"author":1,"featured_media":0,"parent":0,"menu_order":0,"comment_status":"closed","ping_status":"closed","template":"","meta":{"ngg_post_thumbnail":0,"footnotes":""},"class_list":["post-1423","page","type-page","status-publish","hentry","entry"],"_links":{"self":[{"href":"https:\/\/magyaregres.eu\/index.php\/wp-json\/wp\/v2\/pages\/1423","targetHints":{"allow":["GET"]}}],"collection":[{"href":"https:\/\/magyaregres.eu\/index.php\/wp-json\/wp\/v2\/pages"}],"about":[{"href":"https:\/\/magyaregres.eu\/index.php\/wp-json\/wp\/v2\/types\/page"}],"author":[{"embeddable":true,"href":"https:\/\/magyaregres.eu\/index.php\/wp-json\/wp\/v2\/users\/1"}],"replies":[{"embeddable":true,"href":"https:\/\/magyaregres.eu\/index.php\/wp-json\/wp\/v2\/comments?post=1423"}],"version-history":[{"count":4,"href":"https:\/\/magyaregres.eu\/index.php\/wp-json\/wp\/v2\/pages\/1423\/revisions"}],"predecessor-version":[{"id":1429,"href":"https:\/\/magyaregres.eu\/index.php\/wp-json\/wp\/v2\/pages\/1423\/revisions\/1429"}],"wp:attachment":[{"href":"https:\/\/magyaregres.eu\/index.php\/wp-json\/wp\/v2\/media?parent=1423"}],"curies":[{"name":"wp","href":"https:\/\/api.w.org\/{rel}","templated":true}]}}