{"id":671,"date":"2017-12-08T16:55:06","date_gmt":"2017-12-08T16:55:06","guid":{"rendered":"http:\/\/magyaregres.eu\/?page_id=671"},"modified":"2021-03-23T16:42:05","modified_gmt":"2021-03-23T16:42:05","slug":"telepuleskepi-arculati-kezikonyv-magyaregres","status":"publish","type":"page","link":"https:\/\/magyaregres.eu\/index.php\/telepuleskepi-arculati-kezikonyv-magyaregres\/","title":{"rendered":"Telep\u00fcl\u00e9sk\u00e9pi arculati k\u00e9zik\u00f6nyv Magyaregres"},"content":{"rendered":"<p style=\"text-align: center;\"><strong>Magyaregres k\u00f6zs\u00e9g Telep\u00fcl\u00e9sk\u00e9pi Arculati K\u00e9zik\u00f6nyv aktualiz\u00e1l\u00e1s\u00e1nak, valamint \u00faj telep\u00fcl\u00e9sk\u00e9pi rendelet megalkot\u00e1s\u00e1nak<\/strong><\/p>\n<p style=\"text-align: center;\"><strong>PARTNERS\u00c9GI EGYEZTET\u00c9SE<\/strong><\/p>\n<p style=\"text-align: center;\"><strong>(El\u0151zetes t\u00e1j\u00e9koztat\u00e1s)<\/strong><\/p>\n<p style=\"text-align: center;\">Lakoss\u00e1gi f\u00f3rumot helyettes\u00edt\u0151 t\u00e1j\u00e9koztat\u00e1s<\/p>\n<p style=\"text-align: center;\">(az 546\/2020. (XII.2.) Korm.rendelet alapj\u00e1n)<\/p>\n<p style=\"text-align: center;\"><strong>Tisztelt Magyaregresiek! Tisztelt \u00c9rdekk\u00e9pviseleti Szervek!<\/strong><\/p>\n<p style=\"text-align: center;\"><strong>Tisztelt Civil Szervezetek \u00e9s tov\u00e1bbi Partnereink!<\/strong><\/p>\n<p style=\"text-align: center;\">T\u00e1j\u00e9koztatom \u00d6n\u00f6ket, hogy az \u00d6nkorm\u00e1nyzat a TAK m\u00f3dos\u00edt\u00e1s\u00e1r\u00f3l \u00e9s \u00faj telep\u00fcl\u00e9sk\u00e9pi rendelet megalkot\u00e1s\u00e1r\u00f3l d\u00f6nt\u00f6tt, a munk\u00e1t megkezdt\u00fck. A partners\u00e9gi szab\u00e1lyok \u00e9rtelm\u00e9ben a mell\u00e9kelt dokumentum alapj\u00e1n v\u00e9lem\u00e9nyt alkothatnak, javaslatokat tehetnek.<\/p>\n<p style=\"text-align: center;\">V\u00e9lem\u00e9nynyilv\u00e1n\u00edt\u00e1sra nyitva \u00e1ll\u00f3 hat\u00e1rid\u0151:<\/p>\n<p style=\"text-align: center;\">Jelen felh\u00edv\u00e1s megjelen\u00e9s\u00e9t\u0151l sz\u00e1m\u00edtott 15 napon bel\u00fcl, vagyis<\/p>\n<p style=\"text-align: center;\">&nbsp;<strong>2021. \u00e1prilis 7-ig<\/strong><\/p>\n<p style=\"text-align: center;\">&nbsp;az \u00f6nkorm\u00e1nyzat el\u00e9rhet\u0151s\u00e9gein<\/p>\n<p style=\"text-align: center;\">lev\u00e9lben: Magyaregres, D\u00f3zsa Gy. u. 8.<\/p>\n<p style=\"text-align: center;\">emailben: magyaregres@kapos-net.hu<\/p>\n<p>Magyaregres, 2021. m\u00e1rcius 23.<\/p>\n<p>Tisztelettel:&nbsp; &nbsp; &nbsp; &nbsp; &nbsp; &nbsp; &nbsp; &nbsp; &nbsp; &nbsp; &nbsp; &nbsp; &nbsp; &nbsp; &nbsp; &nbsp; &nbsp; &nbsp; &nbsp; &nbsp; &nbsp; &nbsp; &nbsp; &nbsp; &nbsp; &nbsp; &nbsp; &nbsp; &nbsp; &nbsp; &nbsp; &nbsp; &nbsp; &nbsp; &nbsp; &nbsp; &nbsp; &nbsp; &nbsp; &nbsp; &nbsp; &nbsp; &nbsp; &nbsp;<\/p>\n<p>&nbsp;Bodor Zolt\u00e1n&nbsp; &nbsp; &nbsp; &nbsp; &nbsp; &nbsp; &nbsp; &nbsp; &nbsp; &nbsp; &nbsp; &nbsp; &nbsp; &nbsp; &nbsp; &nbsp; &nbsp; &nbsp; &nbsp; &nbsp; &nbsp; &nbsp; &nbsp; &nbsp; &nbsp; &nbsp; &nbsp; &nbsp; &nbsp; &nbsp; &nbsp; &nbsp; &nbsp; &nbsp; &nbsp;polg\u00e1rmester<\/p>\n<a href=\"https:\/\/magyaregres.eu\/wp-content\/uploads\/2021\/03\/telepulesarc_taj.pdf\" class=\"pdfemb-viewer\" style=\"\" data-width=\"max\" data-height=\"max\" data-toolbar=\"bottom\" data-toolbar-fixed=\"on\">telepulesarc_taj<\/a>\n<p><strong>Telep\u00fcl\u00e9sk\u00e9pi arculati k\u00e9zik\u00f6nyv Magyaregres \u2013 elfogadott:<\/strong><\/p>\n<p>Let\u00f6lt\u00e9s:&nbsp;<\/p>\n<p><a href=\"http:\/\/magyaregres.eu\/wp-content\/uploads\/2018\/01\/Magyaregres_TAK_elfogadott.pdf\">http:\/\/magyaregres.eu\/wp-content\/uploads\/2018\/01\/Magyaregres_TAK_elfogadott.pdf<\/a><\/p>\n<a href=\"https:\/\/magyaregres.eu\/wp-content\/uploads\/2018\/01\/Magyaregres_TAK_elfogadott.pdf\" class=\"pdfemb-viewer\" style=\"\" data-width=\"max\" data-height=\"max\" data-toolbar=\"bottom\" data-toolbar-fixed=\"on\">Magyaregres_TAK_elfogadott<\/a>\n<p>&nbsp;<\/p>\n<p><strong>Telep\u00fcl\u00e9sk\u00e9pi arculati k\u00e9zik\u00f6nyv Magyaregres \u2013 v\u00e9lem\u00e9nyez\u00e9sre:<\/strong><\/p>\n<p>Let\u00f6lt\u00e9s:&nbsp;<\/p>\n<p><a href=\"http:\/\/magyaregres.eu\/wp-content\/uploads\/2017\/12\/Magyaregres_TAK.pdf\">http:\/\/magyaregres.eu\/wp-content\/uploads\/2017\/12\/Magyaregres_TAK.pdf<\/a><\/p>\n<a href=\"https:\/\/magyaregres.eu\/wp-content\/uploads\/2017\/12\/Magyaregres_TAK.pdf\" class=\"pdfemb-viewer\" style=\"\" data-width=\"max\" data-height=\"max\" data-toolbar=\"bottom\" data-toolbar-fixed=\"on\">Magyaregres_TAK<\/a>\n","protected":false},"excerpt":{"rendered":"<div class=\"entry-summary\">\nMagyaregres k\u00f6zs\u00e9g Telep\u00fcl\u00e9sk\u00e9pi Arculati K\u00e9zik\u00f6nyv aktualiz\u00e1l\u00e1s\u00e1nak, valamint \u00faj telep\u00fcl\u00e9sk\u00e9pi rendelet megalkot\u00e1s\u00e1nak PARTNERS\u00c9GI EGYEZTET\u00c9SE (El\u0151zetes t\u00e1j\u00e9koztat\u00e1s) Lakoss\u00e1gi f\u00f3rumot helyettes\u00edt\u0151 t\u00e1j\u00e9koztat\u00e1s (az 546\/2020. (XII.2.) Korm.rendelet alapj\u00e1n) Tisztelt Magyaregresiek! Tisztelt \u00c9rdekk\u00e9pviseleti Szervek! Tisztelt Civil Szervezetek \u00e9s tov\u00e1bbi Partnereink! T\u00e1j\u00e9koztatom \u00d6n\u00f6ket, hogy az \u00d6nkorm\u00e1nyzat&hellip;\n<\/div>\n<div class=\"link-more\"><a href=\"https:\/\/magyaregres.eu\/index.php\/telepuleskepi-arculati-kezikonyv-magyaregres\/\" class=\"more-link\">Continue reading<span class=\"screen-reader-text\"> &ldquo;Telep\u00fcl\u00e9sk\u00e9pi arculati k\u00e9zik\u00f6nyv Magyaregres&rdquo;<\/span>&hellip;<\/a><\/div>\n","protected":false},"author":1,"featured_media":0,"parent":0,"menu_order":0,"comment_status":"closed","ping_status":"closed","template":"","meta":{"ngg_post_thumbnail":0,"footnotes":""},"class_list":["post-671","page","type-page","status-publish","hentry","entry"],"_links":{"self":[{"href":"https:\/\/magyaregres.eu\/index.php\/wp-json\/wp\/v2\/pages\/671","targetHints":{"allow":["GET"]}}],"collection":[{"href":"https:\/\/magyaregres.eu\/index.php\/wp-json\/wp\/v2\/pages"}],"about":[{"href":"https:\/\/magyaregres.eu\/index.php\/wp-json\/wp\/v2\/types\/page"}],"author":[{"embeddable":true,"href":"https:\/\/magyaregres.eu\/index.php\/wp-json\/wp\/v2\/users\/1"}],"replies":[{"embeddable":true,"href":"https:\/\/magyaregres.eu\/index.php\/wp-json\/wp\/v2\/comments?post=671"}],"version-history":[{"count":9,"href":"https:\/\/magyaregres.eu\/index.php\/wp-json\/wp\/v2\/pages\/671\/revisions"}],"predecessor-version":[{"id":1529,"href":"https:\/\/magyaregres.eu\/index.php\/wp-json\/wp\/v2\/pages\/671\/revisions\/1529"}],"wp:attachment":[{"href":"https:\/\/magyaregres.eu\/index.php\/wp-json\/wp\/v2\/media?parent=671"}],"curies":[{"name":"wp","href":"https:\/\/api.w.org\/{rel}","templated":true}]}}

Településképi arculati kézikönyv Magyaregres

<p style="text-align: center;"><strong>Magyaregres község Településképi Arculati Kézikönyv aktualizálásának, valamint új településképi rendelet megalkotásának</strong></p>
<p style="text-align: center;"><strong>PARTNERSÉGI EGYEZTETÉSE</strong></p>
<p style="text-align: center;"><strong>(Előzetes tájékoztatás)</strong></p>
<p style="text-align: center;">Lakossági fórumot helyettesítő tájékoztatás</p>
<p style="text-align: center;">(az 546/2020. (XII.2.) Korm.rendelet alapján)</p>
<p style="text-align: center;"><strong>Tisztelt Magyaregresiek! Tisztelt Érdekképviseleti Szervek!</strong></p>
<p style="text-align: center;"><strong>Tisztelt Civil Szervezetek és további Partnereink!</strong></p>
<p style="text-align: center;">Tájékoztatom Önöket, hogy az Önkormányzat a TAK módosításáról és új településképi rendelet megalkotásáról döntött, a munkát megkezdtük. A partnerségi szabályok értelmében a mellékelt dokumentum alapján véleményt alkothatnak, javaslatokat tehetnek.</p>
<p style="text-align: center;">Véleménynyilvánításra nyitva álló határidő:</p>
<p style="text-align: center;">Jelen felhívás megjelenésétől számított 15 napon belül, vagyis</p>
<p style="text-align: center;">&nbsp;<strong>2021. április 7-ig</strong></p>
<p style="text-align: center;">&nbsp;az önkormányzat elérhetőségein</p>
<p style="text-align: center;">levélben: Magyaregres, Dózsa Gy. u. 8.</p>
<p style="text-align: center;">emailben: magyaregres@kapos-net.hu</p>
<p>Magyaregres, 2021. március 23.</p>
<p>Tisztelettel:&nbsp; &nbsp; &nbsp; &nbsp; &nbsp; &nbsp; &nbsp; &nbsp; &nbsp; &nbsp; &nbsp; &nbsp; &nbsp; &nbsp; &nbsp; &nbsp; &nbsp; &nbsp; &nbsp; &nbsp; &nbsp; &nbsp; &nbsp; &nbsp; &nbsp; &nbsp; &nbsp; &nbsp; &nbsp; &nbsp; &nbsp; &nbsp; &nbsp; &nbsp; &nbsp; &nbsp; &nbsp; &nbsp; &nbsp; &nbsp; &nbsp; &nbsp; &nbsp; &nbsp;</p>
<p>&nbsp;Bodor Zoltán&nbsp; &nbsp; &nbsp; &nbsp; &nbsp; &nbsp; &nbsp; &nbsp; &nbsp; &nbsp; &nbsp; &nbsp; &nbsp; &nbsp; &nbsp; &nbsp; &nbsp; &nbsp; &nbsp; &nbsp; &nbsp; &nbsp; &nbsp; &nbsp; &nbsp; &nbsp; &nbsp; &nbsp; &nbsp; &nbsp; &nbsp; &nbsp; &nbsp; &nbsp; &nbsp;polgármester</p>
<a href="https://magyaregres.eu/wp-content/uploads/2021/03/telepulesarc_taj.pdf" class="pdfemb-viewer" style="" data-width="max" data-height="max" data-toolbar="bottom" data-toolbar-fixed="on">telepulesarc_taj</a>
<p><strong>Településképi arculati kézikönyv Magyaregres – elfogadott:</strong></p>
<p>Letöltés:&nbsp;</p>
<p><a href="http://magyaregres.eu/wp-content/uploads/2018/01/Magyaregres_TAK_elfogadott.pdf">http://magyaregres.eu/wp-content/uploads/2018/01/Magyaregres_TAK_elfogadott.pdf</a></p>
<a href="https://magyaregres.eu/wp-content/uploads/2018/01/Magyaregres_TAK_elfogadott.pdf" class="pdfemb-viewer" style="" data-width="max" data-height="max" data-toolbar="bottom" data-toolbar-fixed="on">Magyaregres_TAK_elfogadott</a>
<p>&nbsp;</p>
<p><strong>Településképi arculati kézikönyv Magyaregres – véleményezésre:</strong></p>
<p>Letöltés:&nbsp;</p>
<p><a href="http://magyaregres.eu/wp-content/uploads/2017/12/Magyaregres_TAK.pdf">http://magyaregres.eu/wp-content/uploads/2017/12/Magyaregres_TAK.pdf</a></p>
<a href="https://magyaregres.eu/wp-content/uploads/2017/12/Magyaregres_TAK.pdf" class="pdfemb-viewer" style="" data-width="max" data-height="max" data-toolbar="bottom" data-toolbar-fixed="on">Magyaregres_TAK</a>

<div class="entry-summary">
Magyaregres község Településképi Arculati Kézikönyv aktualizálásának, valamint új településképi rendelet megalkotásának PARTNERSÉGI EGYEZTETÉSE (Előzetes tájékoztatás) Lakossági fórumot helyettesítő tájékoztatás (az 546/2020. (XII.2.) Korm.rendelet alapján) Tisztelt Magyaregresiek! Tisztelt Érdekképviseleti Szervek! Tisztelt Civil Szervezetek és további Partnereink! Tájékoztatom Önöket, hogy az Önkormányzat&hellip;
</div>
<div class="link-more"><a href="https://magyaregres.eu/index.php/telepuleskepi-arculati-kezikonyv-magyaregres/" class="more-link">Continue reading<span class="screen-reader-text"> &ldquo;Településképi arculati kézikönyv Magyaregres&rdquo;</span>&hellip;</a></div>
